363. Is c prime?
False
Let p(m) = m. Let q be (-3)/1*-4*1/(-6). Let d be p(q). Is (-6)/d + (8 - -308) prime?
False
Let x = -25 + -115. Is 46396/x*(-3 - (-2)/(-1)) prime?
True
Let x = 129 + -129. Is (x - 1) + -36*209/(-2) composite?
False
Let p(u) = -u + 1. Let j be (2 + -1)*3 + -7. Let t be p(j). Suppose -t*f + 303 = -1342. Is f a composite number?
True
Let b(g) = 553*g**2 - 32*g + 20. Let z(c) = 69*c**2 - 4*c + 3. Let n(t) = -2*b(t) + 17*z(t). Let q = 8 - 13. Is n(q) prime?
False
Is (-689282)/(-19) + (-9 - 6) prime?
True
Suppose -5*w = -10, -w - 411109 + 109032 = -3*h. Is h a composite number?
False
Let b(x) = 14734*x + 401. Is b(5) prime?
True
Let g = 1792 - 2284. Let s = 180 - 369. Let a = s - g. Is a composite?
True
Let o = 68 + -66. Suppose 3*z = -3*g + 5343, 3*g + o*z - 2894 = 2451. Is g composite?
False
Let j(w) = -4*w - 5. Let n be j(-2). Suppose n*s = 5*z - 449 + 2456, 0 = 3*z. Is s prime?
False
Let z(v) = 27*v**3 - 294*v**2 + 23*v - 23. Is z(20) a prime number?
True
Let g be (-10 + (-54)/(-8))/((-2)/8). Is ((-191802)/12)/g*-2 composite?
False
Suppose -5*r = -2*w - w + 538729, 0 = -5*w - 2*r + 897861. Is w prime?
True
Suppose -36*o + 33*o - 9 = 0. Is 149868/126 - ((-18)/14)/o a composite number?
True
Let d(v) = 44*v + 7. Let l be d(-3). Is (2 + 1192/(-10))/(50/l) prime?
True
Let y(b) = -313*b - 10. Let u be -3*6/(12/(-10)). Suppose 9*x = 4*x - u. Is y(x) a prime number?
True
Suppose -3*u + 9 = n - 1, 2*n = 2*u - 12. Suppose -105 + 25 = -u*z. Suppose -z = l - 30. Is l a prime number?
False
Let j be 466 + 0 + (-2)/1. Suppose 4*p - 8 = 0, p + 2914 = 8*t - 5*t. Suppose j = 2*s - t. Is s composite?
True
Suppose -n = -g - 162821, 7*g = 2*n - 222838 - 102804. Is n a composite number?
False
Let n(z) = 317*z**3 - 2*z**2 + 2*z + 1. Suppose 2*c + 12 = 4*u, -11 = -3*c - 2*u + 3. Is n(c) a prime number?
False
Suppose 5*q - 1976764 = 2*b, 159*q - 155*q = 5*b + 1581401. Is q composite?
True
Suppose 2*h + f = 822640, 0 = -h + 2*f + 510402 - 99097. Is h a composite number?
True
Let s(j) = -796*j - 39. Let t(x) = 199*x + 10. Let i(g) = 2*s(g) + 9*t(g). Is i(19) prime?
True
Let t = 55655 - 33946. Is t composite?
True
Let n be (-3 + -3 + (-19)/(-3))*23586. Is n/12 - (-5)/(-30) a prime number?
False
Suppose 0 = m - 3*w - 14, -2*w = -2*m - 6*w - 2. Suppose -11*o + m*o + 30 = 0. Suppose -2*d - 4*u + 874 = 0, 452 = d - o*u - 6. Is d composite?
False
Let h be 30/14 - (-7)/(-147)*3. Suppose -2*x = -2*w + 2596, 2*w - 5*x + h*x - 2596 = 0. Suppose -5 = 5*d, 3*d - 3235 = -4*v - w. Is v prime?
False
Let y(k) be the first derivative of -9 - 1/2*k**2 + 1061*k. Is y(0) prime?
True
Let c(b) = 2*b + 1. Let o(m) = -38174*m - 32. Let u(r) = -3*c(r) - o(r). Is u(1) a composite number?
False
Suppose 16*h = 18*h + 5*m - 38074, -5*h = 3*m - 95204. Is h prime?
False
Let c(t) = -639*t - 899. Is c(-2) a prime number?
True
Is 11156*309/21 - (666/63 + -11) composite?
True
Let v(t) = -t**3 + 5*t**2 - 4*t + 4. Let h be v(4). Suppose -h*p - 21 = -p. Let q(g) = 36*g**2 + 12*g + 5. Is q(p) prime?
False
Let d = -52 + 52. Let c(z) = z**3 - z**2 + z + 2. Let s be c(d). Suppose -2*h - s*v = -3*h + 885, h - v = 881. Is h a prime number?
True
Suppose -4*d + 2*l = 0, 14*d - 12*d + 4*l = -10. Is (d + 0)*(31 + -2442) a composite number?
False
Suppose -3*b + 15 = 2*b. Suppose -63 = 4*u + 3*p, 81 = -4*u - u - b*p. Is (-1)/(-6) - 31227/u a composite number?
True
Let q be ((-8)/(-3))/((-11)/165). Let j = 35 + q. Is 422/j*(-20)/8 a composite number?
False
Suppose 2*h = 1 - 9, -4*t + h + 20 = 0. Suppose 3*q - 1091 - 1386 = -t*o, 0 = 5*o - 5*q - 3140. Is o prime?
False
Is ((-6)/7 - (-3224)/1736) + (342790 - 0) a prime number?
True
Let m(o) = -o + 13. Let x be m(7). Suppose -p + 2131 - x = 0. Suppose v = i + 583, -2*i - 207 = -4*v + p. Is v a prime number?
False
Let f be 8/(0 + 2/(-431)). Suppose -258*k + 19602 = -264*k. Let t = f - k. Is t a composite number?
False
Let l = 1776 - -754. Suppose z - 751 = -2*a + 1770, z - l = -5*a. Suppose -1121 = -w + h, -5*h + z - 259 = 2*w. Is w prime?
True
Let h = 90906 - 50647. Is h composite?
True
Let b be (-65)/(-7) + 4/(-14). Let y be (2/3)/((-1)/b). Is ((-108)/24)/(y/8) a composite number?
True
Suppose 19*l + 8*l = 115425. Let w = -413 + l. Is w a prime number?
False
Let l = -25774 - -67823. Is l prime?
False
Let u(a) = -57*a - 10. Let o be u(-3). Let l = 466 + o. Let r = l - -140. Is r composite?
True
Let q(r) = -264*r - 23. Let k be q(-7). Suppose 0 = 5*c + 2*n + 446 - k, 0 = 3*c + 5*n - 816. Suppose 14*g - 2509 = c. Is g a prime number?
True
Is 10/(-220)*-11 + (-503364)/(-8) a prime number?
True
Suppose -26*r + 8 + 200 = 0. Is (r - 3 - -15041) + 1 a prime number?
False
Let o be 1*((-10)/15 - 2/(-3)). Suppose o = 2*n - 3*n + 1, 2*c + n = 15119. Is c a composite number?
False
Let n(c) = -757*c**3 + c**2 - c. Let h be (3 - 25/10)*2. Let z be n(h). Let p = 1800 + z. Is p a prime number?
False
Suppose 8*b = 4*b + 16. Suppose 4*l + 583 + 274 = j, -b*j = -3*l - 3480. Let v = -566 + j. Is v prime?
True
Suppose 0 = 5*m - 4*x - 16831, -3*m + 8035 = x - 2084. Is m composite?
False
Let n(t) = 4*t**3 - t**2 + 9. Let g be n(3). Let s = -19 + g. Is s a prime number?
True
Let v = -111 + 119. Suppose 0 = p + s - 451, 2*p - v*s = -12*s + 898. Is p prime?
False
Suppose -s - 1880640 = -3*x + 2*s, 5*x + 4*s - 3134337 = 0. Is x composite?
True
Let j = -7264 + 11730. Let r = 10081 - j. Is r a composite number?
True
Is 72/48 + (-3606825)/(-30) prime?
False
Suppose -r + 14*q + 30049 = 9*q, -5*q + 30009 = r. Is r composite?
False
Let x(z) = -959*z**3 + 2*z**2 + 4*z - 3. Let q(j) = j**3 - j**2 - j. Let m(s) = s**3 - 2*s**2 + 1. Let h be m(-1). Let t(o) = h*q(o) - x(o). Is t(1) prime?
False
Let g(l) = 12796*l - 436. Let v(d) = -3199*d + 109. Let r(p) = -2*g(p) - 9*v(p). Is r(4) prime?
False
Let c be 1 + 19228/5 - 212/(-530). Let w = c + 1738. Is w a prime number?
False
Suppose 7*y = -y + 40. Suppose -5*j + 0*s = 5*s + 15, 3*j - 4*s = y. Is ((-432)/(-30))/(6/440) + j prime?
False
Is -6*1234/(-12) + -4 prime?
True
Let w(y) = y - 1. Let a(o) = -2*o**3 + 2*o**2 + 7*o + 3. Suppose f + 2*f - z - 2 = 0, -2*z - 1 = -3*f. Let m(i) = f*a(i) - 4*w(i). Is m(-4) a prime number?
False
Let m(h) be the first derivative of h**6/360 - h**5/24 - 11*h**4/24 + h**3 + 8. Let a(u) be the third derivative of m(u). Is a(-6) composite?
True
Is ((-306)/(-17) - 24) + 10*203686/4 prime?
False
Let i(f) = 20*f**2 - 57*f - 1022. Is i(-45) a prime number?
True
Suppose -17*t = -91158 - 7561. Is t prime?
True
Suppose -77607122 = -358*q - 88*q. Is q composite?
False
Let p be (-2 - -16) + 60/10 + -5. Is p/3 - (-7504)/14 a prime number?
True
Suppose 2*m + 29*n = 25*n + 44, -2*n = 5*m - 150. Suppose 0 = -m*h + 1209841 + 676911. Is h prime?
False
Let t = 37171 + 45586. Is t composite?
False
Let z be -12 + (0 - (-2 - 0)). Let m = z - -13. Suppose p - 4*u = 301, -m = 6*u - 5*u. Is p composite?
True
Let l(g) = g**3 - 17*g**2 + 19*g - 20. Let q be l(17). Is (-877)/(q/51 + -6)*1 composite?
True
Suppose 0 = t + 18*v - 13817, 0 = 5*t + 3*v - 61931 - 6980. Is t prime?
True
Let t(b) = -2456*b + 5025. Is t(-68) prime?
False
Suppose -f + 6 = -1. Suppose 3*h = -2*u + 40 - 7, 0 = -5*u + 2*h + 54. Suppose f*w + 1795 = u*w. Is w a composite number?
False
Suppose -17*t = -23*t + 12. Suppose 5*p = 2*h + 24295, -4*p - t*h - 166 + 19620 = 0. Is p prime?
True
Let d = 3455 + 7485. Let r = -6951 + d. Is r a prime number?
True
Let k be -2 - ((13 - 8) + -535). Let n = 327 + -50. Let j = k - n. Is j prime?
True
Is (-1849707)/(-18) - (-15)/20*2/(-3) a prime number?
True
Let g(v) = 128*v**3 - 2*v**2 + 3*v + 5. Let a be g(-1). Is 1*((-157040)/a + 2/16) a prime number?
False
Is -2*1/4 - (6154467/2)/(-29) a prime number?
False
Suppose 4*p - 2*m + 50689 = m, -3*p + 5*m = 38025. Let r = p - -23849. Is r a composite number?
True
Let u(o) be the first derivative of -8*o**5/15 - 7*o**4/24 + 5*o**3/3 - 4. Let x(q) be the third derivative of u(q). Is x(-2) a composite number?
True
Suppose 4*o - 226 = -78. Suppose -o*u + 34*u = 1083. Let f = u - -770. Is f composite?
False
Let x = -70 + 94. Let w be x/(-4) + 2 - -7. Suppose -w*o = -128 - 1765. Is o a composite number?
False
Let i(w) = 31*w**3 + 35*w - 295. Is i(11) composite?
False
Let m be -2 + 3 + 3516 +